{"id":1164,"date":"2021-07-16T14:45:29","date_gmt":"2021-07-16T12:45:29","guid":{"rendered":"https:\/\/molweni.ch\/?page_id=1164"},"modified":"2023-12-27T10:16:15","modified_gmt":"2023-12-27T08:16:15","slug":"cookie-richtlinie","status":"publish","type":"page","link":"https:\/\/molweni.ch\/?page_id=1164","title":{"rendered":"Cookie-Richtlinie"},"content":{"rendered":"\t\t<div data-elementor-type=\"wp-page\" data-elementor-id=\"1164\" class=\"elementor elementor-1164\" data-elementor-post-type=\"page\">\n\t\t\t\t\t\t<section class=\"elementor-section elementor-top-section elementor-element elementor-element-c8b9e0b elementor-section-boxed elementor-section-height-default elementor-section-height-default\" data-id=\"c8b9e0b\" data-element_type=\"section\" data-e-type=\"section\">\n\t\t\t\t\t\t<div class=\"elementor-container elementor-column-gap-default\">\n\t\t\t\t\t<div class=\"elementor-column elementor-col-100 elementor-top-column elementor-element elementor-element-4a4dd7d\" data-id=\"4a4dd7d\" data-element_type=\"column\" data-e-type=\"column\">\n\t\t\t<div class=\"elementor-widget-wrap elementor-element-populated\">\n\t\t\t\t\t\t<div class=\"elementor-element elementor-element-640d57c elementor-widget elementor-widget-text-editor\" data-id=\"640d57c\" data-element_type=\"widget\" data-e-type=\"widget\" data-widget_type=\"text-editor.default\">\n\t\t\t\t<div class=\"elementor-widget-container\">\n\t\t\t\t\t\t\t\t\t<div class=\"one_line_col\"><h2>Cookie-Richtlinie von molweni.ch<\/h2><p>Dieses Dokument informiert Nutzer \u00fcber die Technologien, die diese Website einsetzt, um die unten beschriebenen Zwecke zu erreichen. Diese Technologien erm\u00f6glichen den Zugriff auf oder die Speicherung von Informationen (z. B. durch Einsatz von Cookies) auf dem Ger\u00e4t des Nutzers oder die Nutzung der Datenverarbeitungskapazit\u00e4ten des Ger\u00e4ts, wenn der Nutzer diese Website abruft oder ausf\u00fchrt.<\/p><p>Der Einfachheit halber werden solche Technologien, sofern kein Anlass f\u00fcr eine Differenzierung besteht, innerhalb dieses Dokumentes als \u201eTracker\u201c definiert.<br \/>Beispielsweise k\u00f6nnen Cookies zwar sowohl in Web- als auch in Mobilbrowsern zum Einsatz kommen, kommen jedoch als browserbasierte Tacker bei mobilen Apps nicht in Frage. Daher wird in diesem Dokument der Begriff Cookie nur dann verwendet, wenn konkret die Art von Tracker gemeint ist.<\/p><p>Einige der Verarbeitungszwecke, zu denen Tracker eingesetzt werden, erfordern die Einwilligung des Nutzers. Wird die Einwilligung erteilt, so kann sie jederzeit nach dem in diesem Dokument beschriebenen Verfahren frei widerrufen werden.<\/p><p>Diese Website setzt anbietereigene Tracker (sogenannte \u201efirst-party Tracker\u201c) und fremde Tracker im Zusammenhang mit Diensten von Drittanbietern ein (sogenannte \u201ethird-party Tracker\u201c). Sofern innerhalb dieses Dokuments nicht anders angegeben, haben solche Dritte auch Zugriff auf die von ihnen verwalteten Tracker.<br \/>Die Geltungsdauer und der Verfall von Cookies und anderen vergleichbaren Trackern h\u00e4ngen von der vom Anbieter oder vom jeweiligen Drittanbieter festgelegten Lebensdauer ab. Einige davon verfallen, sobald der Nutzer die Browsersitzung beendet.<br \/>Um genauere und aktuellere Angaben zu der Lebensdauer sowie andere Informationen \u2013 wie z. B. bez\u00fcglich des Einsatzes weiterer Tracker \u2013 zu erhalten, werden Nutzer auf die Beschreibungen der unten aufgef\u00fchrten Kategorien sowie, dar\u00fcber hinaus, auf die verlinkten Datenschutzerkl\u00e4rungen entsprechender Drittanbieter oder auf Kontaktaufnahme zum Anbieter verwiesen.<\/p><h3 class=\"iub-purpose-stack iub-purpose-stack-1\">Unbedingt erforderliche Vorg\u00e4nge, um diese Website zu betreiben und den Dienst zu erbringen<\/h3><p>Diese Website nutzt sogenannte \u201etechnische\u201c Cookies und \u00e4hnliche Tracker, um Vorg\u00e4nge zu erm\u00f6glichen, die f\u00fcr die Durchf\u00fchrung und Erbringung des Dienstes unbedingt erforderlich sind.<\/p><h4>Third-party Tracker<\/h4><ul class=\"for_boxes\"><li><div class=\"box_primary box_10 expand\"><h3 class=\"expand-click w_icon_24 policyicon_purpose_8523604 iub-purpose iub-purpose-8523604\">Tag-Verwaltung<\/h3><div class=\"expand-content\"><p>Diese Art von Diensten helfen dem Anbieter die Tags oder Skripte, die f\u00fcr diese Website ben\u00f6tigt werden, zentral zu verwalten.<br \/>Dies f\u00fchrt dazu, dass die Daten des Nutzers durch diese Dienste flie\u00dfen und m\u00f6glicherweise gespeichert werden.<\/p><h4 class=\"iub-service iub-service-7047970\">Google Tag Manager<\/h4><div class=\"wrap\"><p>Google Tag Manager ist ein von Google LLC oder von Google Ireland Limited, je nachdem, wie der Anbieter die Datenverarbeitung verwaltet, bereitgestellter Dienst zur Verwaltung von Tags.<\/p><\/div><p>Verarbeitete personenbezogene Daten: Nutzungsdaten und Tracker.<\/p><p>Verarbeitungsort: Vereinigte Staaten \u2013\u00a0<a href=\"https:\/\/policies.google.com\/privacy\" target=\"_blank\" rel=\"noopener noreferrer\">Datenschutzerkl\u00e4rung<\/a>; Irland \u2013\u00a0<a href=\"https:\/\/policies.google.com\/privacy\" target=\"_blank\" rel=\"noopener noreferrer\">Datenschutzerkl\u00e4rung<\/a>.<\/p><\/div><\/div><\/li><\/ul><h3 class=\"iub-subheading iub-subheading-other-purposes\">Andere Vorg\u00e4nge unter Einsatz von Trackern<\/h3><h4 class=\"iub-purpose-stack iub-purpose-stack-4\">Erfolgsmessung<\/h4><p>Diese Website verwendet Tracker, um den Onlinetraffic zu messen und das Nutzerverhalten zu analysieren, und damit den Dienst zu verbessern.<\/p><ul class=\"for_boxes\"><li><div class=\"box_primary box_10 expand\"><h3 class=\"expand-click w_icon_24 policyicon_purpose_8523606 iub-purpose iub-purpose-8523606\">Analytik<\/h3><div class=\"expand-content\"><p>Mit den in diesem Abschnitt aufgef\u00fchrten Dienstleistungen kann der Anbieter den Datenverkehr \u00fcberwachen und analysieren sowie das Verhalten von Nutzern nachverfolgen.<\/p><h4 class=\"iub-service iub-service-7047972\">Google Analytics<\/h4><div class=\"wrap\"><p>Google Analytics ist ein Webanalysedienst von Google LLC oder von Google Ireland Limited, je nachdem, wie der Anbieter die Datenverarbeitung verwaltet, (\u201eGoogle\u201c). Google verwendet die erhobenen Daten, um nachzuverfolgen und zu untersuchen, wie diese Website genutzt wird, Berichte \u00fcber ihre Aktivit\u00e4ten zu verfassen und diese gemeinsam mit anderen Google-Diensten zu nutzen.<br \/>Google kann die erhobenen Daten verwenden, um die Anzeigen seines eigenen Werbenetzwerks zu kontextualisieren und personalisieren.<\/p><\/div><p>Verarbeitete personenbezogene Daten: Nutzungsdaten und Tracker.<\/p><p>Verarbeitungsort: Vereinigte Staaten \u2013\u00a0<a href=\"https:\/\/policies.google.com\/privacy\" target=\"_blank\" rel=\"noopener noreferrer\">Datenschutzerkl\u00e4rung<\/a>\u00a0\u2013\u00a0<a href=\"https:\/\/tools.google.com\/dlpage\/gaoptout?hl=de\" target=\"_blank\" rel=\"noopener\">Opt Out<\/a>; Irland \u2013\u00a0<a href=\"https:\/\/policies.google.com\/privacy\" target=\"_blank\" rel=\"noopener noreferrer\">Datenschutzerkl\u00e4rung<\/a>\u00a0\u2013\u00a0<a href=\"https:\/\/tools.google.com\/dlpage\/gaoptout?hl=en\" target=\"_blank\" rel=\"noopener\">Opt Out<\/a>.<\/p><p>Speicherdauer:<\/p><ul><li>AMP_TOKEN: 1 Stunde<\/li><li>_ga: 2 Jahre<\/li><li>_gac*: 3 Monaten<\/li><li>_gat: 1 Minute<\/li><li>_gid: 1 Tag<\/li><\/ul><p>\u00a0<\/p><\/div><\/div><\/li><\/ul><h3 id=\"manage_cookies\" class=\"iub-subheading iub-subheading-manage-gdpr\">Einstellungen verwalten und Einwilligungen erteilen oder widerrufen<\/h3><p>Die Verwaltung von Tracker-Einstellungen sowie die Erteilung und der Widerruf von Einwilligungen k\u00f6nnen auf verschiedene Weisen erfolgen:<\/p><p>Nutzer k\u00f6nnen Tracker-Einstellungen direkt \u00fcber die eigenen Ger\u00e4teinstellungen verwalten, indem sie z. B. dem Einsatz oder der Speicherung von Trackern g\u00e4nzlich widersprechen.<\/p><p>Soweit der Einsatz von Trackern auf einer Einwilligung beruht, k\u00f6nnen Nutzer au\u00dferdem die Einwilligung durch entsprechende Auswahl im Cookie-Hinweis oder durch \u00c4nderung genannter Auswahl \u00fcber das entsprechende Einwilligungs-Widget f\u00fcr Datenschutzpr\u00e4ferenzen (sofern vorhanden) erteilen oder widerrufen.<\/p><p>\u00dcber die entsprechenden Browser- oder Ger\u00e4teinstellungen k\u00f6nnen auch bereits abgespeicherte Tracker, einschlie\u00dflich solcher, die f\u00fcr die Speicherung der urspr\u00fcnglichen Einwilligungspr\u00e4ferenzen des Nutzers zust\u00e4ndig sind, gel\u00f6scht werden.<\/p><p>Andere Tracker, die im lokalen Speicher des Browsers abgelegt sind, k\u00f6nnen durch L\u00f6schen des Verlaufs entfernt werden.<\/p><p>In Bezug auf alle von Dritten eingesetzten Tracker k\u00f6nnen Nutzer ihre Einstellungen verwalten, indem sie den entsprechenden Opt-out-Link nutzen (sofern vorhanden), die in der Datenschutzerkl\u00e4rung des Dritten angegebenen Mittel verwenden oder sich mit dem Dritten in Verbindung setzen.<\/p><h4>Trackereinstellungen verwalten<\/h4><p>Nutzer k\u00f6nnen zum Beispiel unter den nachfolgenden Adressen Informationen zur Verwaltung von Cookies \u00fcber die g\u00e4ngigsten Browser finden:<\/p><ul><li><a href=\"https:\/\/support.google.com\/chrome\/answer\/95647?hl=de&amp;p=cpn_cookies\" target=\"_blank\" rel=\"noopener nofollow\">Google Chrome<\/a><\/li><li><a href=\"https:\/\/support.mozilla.org\/de\/kb\/cookies-erlauben-und-ablehnen\" target=\"_blank\" rel=\"noopener nofollow\">Mozilla Firefox<\/a><\/li><li><a href=\"https:\/\/support.apple.com\/de-de\/guide\/safari\/manage-cookies-and-website-data-sfri11471\" target=\"_blank\" rel=\"noopener nofollow\">Apple Safari<\/a><\/li><li><a href=\"http:\/\/windows.microsoft.com\/de-de\/windows-vista\/block-or-allow-cookies\" target=\"_blank\" rel=\"noopener nofollow\">Microsoft Internet Explorer<\/a><\/li><li><a href=\"https:\/\/support.microsoft.com\/de-de\/help\/4027947\" target=\"_blank\" rel=\"noopener nofollow\">Microsoft Edge<\/a><\/li><li><a href=\"https:\/\/support.brave.com\/hc\/articles\/360022806212-How-do-I-use-Shields-while-browsing\" target=\"_blank\" rel=\"noopener nofollow\">Brave<\/a><\/li><li><a href=\"https:\/\/help.opera.com\/de\/latest\/web-preferences\/#cookies\" target=\"_blank\" rel=\"noopener nofollow\">Opera<\/a><\/li><\/ul><p>Nutzer k\u00f6nnen auch bestimmte innerhalb von mobilen Apps eingesetzte Tracker \u00fcber entsprechende Ger\u00e4teinstellungen verwalten \u2013 zum Beispiel \u00fcber die Ger\u00e4teinstellungen zu Werbung auf mobilen Ger\u00e4ten, oder generell \u00fcber Trackingeinstellungen (Nutzer k\u00f6nnen Ger\u00e4teinstellungen aufrufen und die entsprechenden Befehle suchen).<\/p><h4>Folgen der Ablehnung der Verwendung von Trackern<\/h4><p>Nutzer k\u00f6nnen frei entscheiden, ob sie ihre Einwilligung f\u00fcr die Verwendung von Trackern erteilen oder nicht. Es sollte jedoch beachtet werden, dass Tracker dazu beitragen, dass diese Website den Nutzern eine bessere Nutzererfahrung und erweiterte Funktionen bieten kann (in \u00dcbereinstimmung mit den in diesem Dokument beschriebenen Zwecken). Sofern sich der Nutzer daf\u00fcr entscheidet, die Verwendung von Trackern zu blockiern, ist der Anbieter daher m\u00f6glicherweise nicht in der Lage, entsprechende Funktionen bereitzustellen.<\/p><h3 id=\"owner_of_the_data\" class=\"iub-subheading iub-subheading-owner-and-data-controller\">Anbieter und Verantwortlicher<\/h3><p>Molweni Praxis<br \/>Rossmarktplatz 1<br \/>4500 Solothurn<br \/>7975<\/p><p><strong>E-Mail-Adresse des Anbieters:<\/strong>\u00a0molweni@hin.ch<\/p><p>Da der Einsatz von third-party Trackern durch diese Website vom Anbieter nicht vollst\u00e4ndig kontrolliert werden kann, verstehen sich s\u00e4mtliche Angaben zu third-party Trackern als indikativ. Um vollst\u00e4ndige Informationen zu erhalten, sind Nutzer gebeten, Einsicht in die in diesem Dokument aufgef\u00fchrten Datenschutzerkl\u00e4rungen der jeweiligen Drittanbieter zu nehmen.<\/p><p>Aufgrund der objektiven Komplexit\u00e4t von Tracking-Technologien, werden Nutzer aufgefordert, Kontakt zum Anbieter aufzunehmen, sofern sie weitere Informationen zum Einsatz solcher Technologien durch diese Website zu erhalten w\u00fcnschen.<\/p><\/div><div class=\"one_line_col\"><div class=\"box_primary box_10 definitions expand\"><h3 class=\"expand-click w_icon_24 icon_ribbon\">Begriffsbestimmungen und rechtliche Hinweise<\/h3><div class=\"expand-content\"><h4>Personenbezogene Daten (oder Daten)<\/h4><p>Alle Informationen, durch die direkt oder in Verbindung mit weiteren Informationen die Identit\u00e4t einer nat\u00fcrlichen Person bestimmt wird oder werden kann.<\/p><h4>Nutzungsdaten<\/h4><p>Informationen, die diese Website (oder Dienste Dritter, die diese Website in Anspruch nimmt), automatisch erhebt, z. B.: die IP-Adressen oder Domain-Namen der Computer von Nutzern, die diese Website verwenden, die URI-Adressen (Uniform Resource Identifier), den Zeitpunkt der Anfrage, die Methode, die f\u00fcr die \u00dcbersendung der Anfrage an den Server verwendet wurde, die Gr\u00f6\u00dfe der empfangenen Antwort-Datei, der Zahlencode, der den Status der Server-Antwort anzeigt (erfolgreiches Ergebnis, Fehler etc.), das Herkunftsland, die Funktionen des vom Nutzer verwendeten Browsers und Betriebssystems, die diversen Zeitangaben pro Aufruf (z. B. wie viel Zeit auf jeder Seite der Anwendung verbracht wurde) und Angaben \u00fcber den Pfad, dem innerhalb einer Anwendung gefolgt wurde, insbesondere die Reihenfolge der besuchten Seiten, sowie sonstige Informationen \u00fcber das Betriebssystem des Ger\u00e4ts und\/oder die IT-Umgebung des Nutzers.<\/p><h4>Nutzer<\/h4><p>Die diese Website verwendende Person, die, soweit nicht anders bestimmt, mit dem Betroffenen \u00fcbereinstimmt.<\/p><h4>Betroffener<\/h4><p>Die nat\u00fcrliche Person, auf die sich die personenbezogenen Daten beziehen.<\/p><h4>Auftragsverarbeiter (oder Auftragsbearbeiter)<\/h4><p>Nat\u00fcrliche oder juristische Person, Beh\u00f6rde, Einrichtung oder andere Stelle, die personenbezogene Daten im Auftrag des Verantwortlichen verarbeitet, wie in dieser Datenschutzerkl\u00e4rung beschrieben.<\/p><h4>Verantwortlicher (oder Anbieter, teilweise auch Eigent\u00fcmer)<\/h4><p>Die nat\u00fcrliche oder juristische Person, Beh\u00f6rde, Einrichtung oder andere Stelle, die allein oder gemeinsam mit anderen \u00fcber die Zwecke und Mittel der Verarbeitung personenbezogener Daten sowie die hierf\u00fcr verwendeten Mittel entscheidet, einschlie\u00dflich der Sicherheitsma\u00dfnahmen bez\u00fcglich des sich auf diese Website beziehenden Betriebs und der Nutzung. Soweit nichts anderes angegeben ist, ist der Verantwortliche die nat\u00fcrliche oder juristische Person, \u00fcber welche diese Website angeboten wird.<\/p><h4>Diese Website (oder diese Anwendung)<\/h4><p>Das Hardware- oder Software-Tool, mit dem die personenbezogenen Daten des Nutzers erhoben und verarbeitet werden.<\/p><h4>Dienst<\/h4><p>Der durch diese Website angebotene Dienst, wie in den entsprechenden AGBs (falls vorhanden) und auf dieser Website\/Anwendung beschrieben.<\/p><h4>Europ\u00e4ische Union (oder EU)<\/h4><p>Sofern nicht anders angegeben, beziehen sich alle Verweise in diesem Dokument auf die Europ\u00e4ische Union auf alle derzeitigen Mitgliedstaaten der Europ\u00e4ischen Union und den Europ\u00e4ischen Wirtschaftsraum (EWR).<\/p><h4>Cookie<\/h4><p>Cookies sind Tracker, die aus einem kleinen, im Browser des Nutzers abgelegten Datensatz bestehen.<\/p><h4>Tracker<\/h4><p>Der Begriff Tracker bezeichnet jede Technologie \u2013 z. B. Cookies, eindeutige Identifizierungen, Web Beacons, eingebettete Skripts, E-Tags oder Fingerprinting \u2013 durch die Nutzer nachverfolgt werden k\u00f6nnen, z. B. indem der Zugriff auf oder die Speicherung von Informationen auf dem Nutzerger\u00e4t erm\u00f6glicht wird.<\/p><hr \/><h4>Rechtlicher Hinweis<\/h4><p>Diese Datenschutzerkl\u00e4rung bezieht sich ausschlie\u00dflich auf diese Website, sofern in diesem Dokument nicht anders angegeben.<\/p><\/div><\/div><\/div>\t\t\t\t\t\t\t\t<\/div>\n\t\t\t\t<\/div>\n\t\t\t\t\t<\/div>\n\t\t<\/div>\n\t\t\t\t\t<\/div>\n\t\t<\/section>\n\t\t\t\t<\/div>\n\t\t","protected":false},"excerpt":{"rendered":"<p>Cookie-Richtlinie von molweni.ch Dieses Dokument informiert Nutzer \u00fcber die Technologien, die diese Website einsetzt, um die unten beschriebenen Zwecke zu erreichen. Diese Technologien erm\u00f6glichen den Zugriff auf oder die Speicherung von Informationen (z. B. durch Einsatz von Cookies) auf dem Ger\u00e4t des Nutzers oder die Nutzung der Datenverarbeitungskapazit\u00e4ten des Ger\u00e4ts, wenn der Nutzer diese Website [&hellip;]<\/p>\n","protected":false},"author":1,"featured_media":0,"parent":0,"menu_order":0,"comment_status":"closed","ping_status":"closed","template":"","meta":{"footnotes":""},"class_list":["post-1164","page","type-page","status-publish","hentry"],"_links":{"self":[{"href":"https:\/\/molweni.ch\/index.php?rest_route=\/wp\/v2\/pages\/1164","targetHints":{"allow":["GET"]}}],"collection":[{"href":"https:\/\/molweni.ch\/index.php?rest_route=\/wp\/v2\/pages"}],"about":[{"href":"https:\/\/molweni.ch\/index.php?rest_route=\/wp\/v2\/types\/page"}],"author":[{"embeddable":true,"href":"https:\/\/molweni.ch\/index.php?rest_route=\/wp\/v2\/users\/1"}],"replies":[{"embeddable":true,"href":"https:\/\/molweni.ch\/index.php?rest_route=%2Fwp%2Fv2%2Fcomments&post=1164"}],"version-history":[{"count":10,"href":"https:\/\/molweni.ch\/index.php?rest_route=\/wp\/v2\/pages\/1164\/revisions"}],"predecessor-version":[{"id":1703,"href":"https:\/\/molweni.ch\/index.php?rest_route=\/wp\/v2\/pages\/1164\/revisions\/1703"}],"wp:attachment":[{"href":"https:\/\/molweni.ch\/index.php?rest_route=%2Fwp%2Fv2%2Fmedia&parent=1164"}],"curies":[{"name":"wp","href":"https:\/\/api.w.org\/{rel}","templated":true}]}}